{"id":2522,"date":"2023-10-03T15:22:35","date_gmt":"2023-10-03T13:22:35","guid":{"rendered":"https:\/\/epe.utcluj.ro\/?page_id=2522"},"modified":"2025-11-27T17:19:11","modified_gmt":"2025-11-27T15:19:11","slug":"sisteme-de-calcul-in-timp-real-2","status":"publish","type":"page","link":"https:\/\/epe.utcluj.ro\/index.php\/sisteme-de-calcul-in-timp-real-2\/","title":{"rendered":"Sisteme de calcul in timp real"},"content":{"rendered":"<div id=\"pl-2522\"  class=\"panel-layout\" ><div id=\"pg-2522-0\"  class=\"panel-grid panel-has-style\" ><div class=\"wide-grey panel-row-style panel-row-style-for-2522-0\" ><div id=\"pgc-2522-0-0\"  class=\"panel-grid-cell\" ><div id=\"panel-2522-0-0-0\" class=\"so-panel widget widget_headline-widget panel-first-child panel-last-child\" data-index=\"0\" >\t\t<h1>Sisteme de calcul \u00een timp real<\/h1>\n\t\t<div class=\"decoration\"><div class=\"decoration-inside\"><\/div><\/div>\n\t\t<h3>Pagin\u0103 dedicat\u0103 studen\u021bilor \u0219i cadrelor didactice<\/h3>\n\t\t<\/div><\/div><\/div><\/div><div id=\"pg-2522-1\"  class=\"panel-grid panel-no-style\" ><div id=\"pgc-2522-1-0\"  class=\"panel-grid-cell\" ><div id=\"panel-2522-1-0-0\" class=\"so-panel widget widget_circleicon-widget panel-first-child panel-last-child\" data-index=\"1\" >\t\t<div class=\"circle-icon-box circle-icon-position-top circle-icon-hide-box circle-icon-size-large \">\n\t\t\t\t\t\t\t<div class=\"circle-icon-wrapper\">\n\t\t\t\t\t\t\t\t\t\t<div class=\"circle-icon\" >\n\t\t\t\t\t\t\t\t\t\t\t\t\t<div\n\t\t\t\t\t\t\t\tclass=\"fa fa-pencil\"\n\t\t\t\t\t\t\t\t\t\t\t\t\t\t\t><\/div>\n\t\t\t\t\t\t\t\t\t\t\t<\/div>\n\t\t\t\t\t\t\t\t\t<\/div>\n\t\t\t\n\t\t\t\t\t\t\t\t\t\t<h4 >\n\t\t\t\t\tAspecte teoretice\t\t\t\t<\/h4>\n\t\t\t\t\t\t\n\t\t\t\t\t\t\t<p class=\"text\" >\n\t\t\t\t\u00cen aceast\u0103 categorie se vor reg\u0103si prezent\u0103rile p\u0103r\u021bii teoretice scrise a aplica\u021biei practice din cadrul \u0219edin\u021bei de laborator...\t\t\t<\/p>\n\t\t\t\t\t\t\t\t<\/div>\n\t\t<\/div><\/div><div id=\"pgc-2522-1-1\"  class=\"panel-grid-cell\" ><div id=\"panel-2522-1-1-0\" class=\"so-panel widget widget_circleicon-widget panel-first-child panel-last-child\" data-index=\"2\" >\t\t<div class=\"circle-icon-box circle-icon-position-top circle-icon-hide-box circle-icon-size-large \">\n\t\t\t\t\t\t\t<div class=\"circle-icon-wrapper\">\n\t\t\t\t\t\t\t\t\t\t<div class=\"circle-icon\" >\n\t\t\t\t\t\t\t\t\t\t\t\t\t<div\n\t\t\t\t\t\t\t\tclass=\"fa fa-file-archive-o\"\n\t\t\t\t\t\t\t\t\t\t\t\t\t\t\t><\/div>\n\t\t\t\t\t\t\t\t\t\t\t<\/div>\n\t\t\t\t\t\t\t\t\t<\/div>\n\t\t\t\n\t\t\t\t\t\t\t\t\t\t<h4 >\n\t\t\t\t\tScheme, schi\u021be, fi\u0219e desene tehnice\t\t\t\t<\/h4>\n\t\t\t\t\t\t\n\t\t\t\t\t\t\t<p class=\"text\" >\n\t\t\t\t\u00cen aceast\u0103 categorie, se vor reg\u0103si, materialele auxiliare de natur\u0103 tehnic\u0103 precum: foi de date, scheme de reglare \u0219i de circuit etc...\t\t\t<\/p>\n\t\t\t\t\t\t\t\t<\/div>\n\t\t<\/div><\/div><div id=\"pgc-2522-1-2\"  class=\"panel-grid-cell\" ><div id=\"panel-2522-1-2-0\" class=\"so-panel widget widget_circleicon-widget panel-first-child panel-last-child\" data-index=\"3\" >\t\t<div class=\"circle-icon-box circle-icon-position-top circle-icon-hide-box circle-icon-size-large \">\n\t\t\t\t\t\t\t<div class=\"circle-icon-wrapper\">\n\t\t\t\t\t\t\t\t\t\t<div class=\"circle-icon\" >\n\t\t\t\t\t\t\t\t\t\t\t\t\t<div\n\t\t\t\t\t\t\t\tclass=\"fa fa-signal\"\n\t\t\t\t\t\t\t\t\t\t\t\t\t\t\t><\/div>\n\t\t\t\t\t\t\t\t\t\t\t<\/div>\n\t\t\t\t\t\t\t\t\t<\/div>\n\t\t\t\n\t\t\t\t\t\t\t\t\t\t<h4 >\n\t\t\t\t\tPrograme, simul\u0103ri, modele matematice\t\t\t\t<\/h4>\n\t\t\t\t\t\t\n\t\t\t\t\t\t\t<p class=\"text\" >\n\t\t\t\t\u00cen aceast\u0103 categorie, se reg\u0103sesc fi\u0219iere surs\u0103 pentru programe \u0219i modele matematice de simulare...\t\t\t<\/p>\n\t\t\t\t\t\t\t\t<\/div>\n\t\t<\/div><\/div><\/div><div id=\"pg-2522-2\"  class=\"panel-grid panel-no-style\" ><div id=\"pgc-2522-2-0\"  class=\"panel-grid-cell\" ><div id=\"panel-2522-2-0-0\" class=\"so-panel widget widget_siteorigin-panels-builder panel-first-child\" data-index=\"4\" ><div id=\"pl-w651ebc1e6ce4a\"  class=\"panel-layout\" ><div id=\"pg-w651ebc1e6ce4a-0\"  class=\"panel-grid panel-no-style\" ><div id=\"pgc-w651ebc1e6ce4a-0-0\"  class=\"panel-grid-cell\" ><div id=\"panel-w651ebc1e6ce4a-0-0-0\" class=\"so-panel widget widget_text panel-first-child panel-last-child\" data-index=\"0\" ><h3 class=\"widget-title\">Laborator I<\/h3>\t\t\t<div class=\"textwidget\"><p><a href=\"https:\/\/epe.utcluj.ro\/SCTR_2023\/PDF\/Lab_I_2023.pdf\">Lab_I_2023.pdf<\/a><\/p>\n<\/div>\n\t\t<\/div><\/div><\/div><\/div><\/div><div id=\"panel-2522-2-0-1\" class=\"so-panel widget widget_siteorigin-panels-builder\" data-index=\"5\" ><div id=\"pl-w653009317620b\"  class=\"panel-layout\" ><div id=\"pg-w653009317620b-0\"  class=\"panel-grid panel-no-style\" ><div id=\"pgc-w653009317620b-0-0\"  class=\"panel-grid-cell\" ><div id=\"panel-w653009317620b-0-0-0\" class=\"so-panel widget widget_text panel-first-child panel-last-child\" data-index=\"0\" ><h3 class=\"widget-title\">Laborator 2<\/h3>\t\t\t<div class=\"textwidget\"><p><a href=\"https:\/\/epe.utcluj.ro\/SCTR_2023\/PDF\/Lab_II_2023.pdf\">Lab_II_2023.pdf<\/a><\/p>\n<\/div>\n\t\t<\/div><\/div><\/div><\/div><\/div><div id=\"panel-2522-2-0-2\" class=\"so-panel widget widget_siteorigin-panels-builder\" data-index=\"6\" ><div id=\"pl-w6543c99d9b847\"  class=\"panel-layout\" ><div id=\"pg-w6543c99d9b847-0\"  class=\"panel-grid panel-no-style\" ><div id=\"pgc-w6543c99d9b847-0-0\"  class=\"panel-grid-cell\" ><div id=\"panel-w6543c99d9b847-0-0-0\" class=\"so-panel widget widget_text panel-first-child panel-last-child\" data-index=\"0\" ><h3 class=\"widget-title\">Laborator 3<\/h3>\t\t\t<div class=\"textwidget\"><p><a href=\"https:\/\/epe.utcluj.ro\/SCTR_2023\/PDF\/Lab_III_2023.pdf\">Lab_III_2023.pdf<\/a><\/p>\n<\/div>\n\t\t<\/div><\/div><\/div><\/div><\/div><div id=\"panel-2522-2-0-3\" class=\"so-panel widget widget_siteorigin-panels-builder\" data-index=\"7\" ><div id=\"pl-w65565b86a0700\"  class=\"panel-layout\" ><div id=\"pg-w65565b86a0700-0\"  class=\"panel-grid panel-no-style\" ><div id=\"pgc-w65565b86a0700-0-0\"  class=\"panel-grid-cell\" ><div id=\"panel-w65565b86a0700-0-0-0\" class=\"so-panel widget widget_text panel-first-child panel-last-child\" data-index=\"0\" ><h3 class=\"widget-title\">Laborator 4<\/h3>\t\t\t<div class=\"textwidget\"><p><a href=\"https:\/\/epe.utcluj.ro\/SCTR_2023\/PDF\/Lab_IV_2023.pdf\">Lab_IV_2023.pdf<\/a><\/p>\n<\/div>\n\t\t<\/div><\/div><\/div><\/div><\/div><div id=\"panel-2522-2-0-4\" class=\"so-panel widget widget_siteorigin-panels-builder panel-last-child\" data-index=\"8\" ><div id=\"pl-w657080b7c84a9\"  class=\"panel-layout\" ><div id=\"pg-w657080b7c84a9-0\"  class=\"panel-grid panel-no-style\" ><div id=\"pgc-w657080b7c84a9-0-0\"  class=\"panel-grid-cell\" ><div id=\"panel-w657080b7c84a9-0-0-0\" class=\"so-panel widget widget_text panel-first-child panel-last-child\" data-index=\"0\" ><h3 class=\"widget-title\">Laborator 5<\/h3>\t\t\t<div class=\"textwidget\"><p><a href=\"https:\/\/epe.utcluj.ro\/SCTR_2023\/PDF\/Lab_V_2023.pdf\">Lab_V_2023.pdf<\/a><\/p>\n<\/div>\n\t\t<\/div><\/div><\/div><\/div><\/div><\/div><div id=\"pgc-2522-2-1\"  class=\"panel-grid-cell\" ><div id=\"panel-2522-2-1-0\" class=\"so-panel widget widget_siteorigin-panels-builder panel-first-child\" data-index=\"9\" ><div id=\"pl-w651ebe5d727a2\"  class=\"panel-layout\" ><div id=\"pg-w651ebe5d727a2-0\"  class=\"panel-grid panel-no-style\" ><div id=\"pgc-w651ebe5d727a2-0-0\"  class=\"panel-grid-cell\" ><div id=\"panel-w651ebe5d727a2-0-0-0\" class=\"so-panel widget widget_text panel-first-child panel-last-child\" data-index=\"0\" ><h3 class=\"widget-title\">Catalog NI MyRIO 1900<\/h3>\t\t\t<div class=\"textwidget\"><p><a href=\"https:\/\/epe.utcluj.ro\/SCTR_2023\/PDF\/NI_MyRIO_1900_UG.pdf\">NI_MyRIO_1900_UG.pdf<\/a><\/p>\n<\/div>\n\t\t<\/div><\/div><\/div><\/div><\/div><div id=\"panel-2522-2-1-1\" class=\"so-panel widget widget_siteorigin-panels-builder panel-last-child\" data-index=\"10\" ><div id=\"pl-w651ebe5d72918\"  class=\"panel-layout\" ><div id=\"pg-w651ebe5d72918-0\"  class=\"panel-grid panel-no-style\" ><div id=\"pgc-w651ebe5d72918-0-0\"  class=\"panel-grid-cell\" ><div id=\"panel-w651ebe5d72918-0-0-0\" class=\"so-panel widget widget_text panel-first-child panel-last-child\" data-index=\"0\" ><h3 class=\"widget-title\">Ghid de aplica\u021bii NI MyRIO 1900<\/h3>\t\t\t<div class=\"textwidget\"><p><a href=\"https:\/\/epe.utcluj.ro\/SCTR_2023\/PDF\/NI_MyRIO_1900_PEG.pdf\">NI_MyRIO_1900_PEG.pdf<\/a><\/p>\n<\/div>\n\t\t<\/div><\/div><\/div><\/div><\/div><\/div><div id=\"pgc-2522-2-2\"  class=\"panel-grid-cell\" ><div id=\"panel-2522-2-2-0\" class=\"so-panel widget widget_siteorigin-panels-builder panel-first-child\" data-index=\"11\" ><div id=\"pl-w66ffa26641394\"  class=\"panel-layout\" ><div id=\"pg-w66ffa26641394-0\"  class=\"panel-grid panel-no-style\" ><div id=\"pgc-w66ffa26641394-0-0\"  class=\"panel-grid-cell\" ><div id=\"panel-w66ffa26641394-0-0-0\" class=\"so-panel widget widget_text panel-first-child panel-last-child\" data-index=\"0\" ><h3 class=\"widget-title\">Tabel asociativ fotorezisten\u021b\u0103<\/h3>\t\t\t<div class=\"textwidget\"><p><a href=\"https:\/\/epe.utcluj.ro\/SCTR_2023\/TXT\/lut.txt\">LUT.txt<\/a><\/p>\n<\/div>\n\t\t<\/div><\/div><\/div><\/div><\/div><div id=\"panel-2522-2-2-1\" class=\"so-panel widget widget_siteorigin-panels-builder\" data-index=\"12\" ><div id=\"pl-w69286bec69d5d\"  class=\"panel-layout\" ><div id=\"pg-w69286bec69d5d-0\"  class=\"panel-grid panel-no-style\" ><div id=\"pgc-w69286bec69d5d-0-0\"  class=\"panel-grid-cell\" ><div id=\"panel-w69286bec69d5d-0-0-0\" class=\"so-panel widget widget_text panel-first-child panel-last-child\" data-index=\"0\" ><h3 class=\"widget-title\">Defini\u021bie VeriStand<\/h3>\t\t\t<div class=\"textwidget\"><p><a href=\"https:\/\/epe.utcluj.ro\/TCEAE_2024\/MyRIO_VeriStand_Definition_File.rar\">Basic_Definition MyRIO<\/a><\/p>\n<p><a href=\"https:\/\/epe.utcluj.ro\/TCEAE_2024\/MyRIO_full_peripherals.rar\">Extended_VS_Definition_MyRIO<\/a><\/p>\n<\/div>\n\t\t<\/div><\/div><\/div><\/div><\/div><div id=\"panel-2522-2-2-2\" class=\"so-panel widget widget_siteorigin-panels-builder\" data-index=\"13\" ><div id=\"pl-w68f1e56b64bdc\"  class=\"panel-layout\" ><div id=\"pg-w68f1e56b64bdc-0\"  class=\"panel-grid panel-no-style\" ><div id=\"pgc-w68f1e56b64bdc-0-0\"  class=\"panel-grid-cell\" ><div id=\"panel-w68f1e56b64bdc-0-0-0\" class=\"so-panel widget widget_text panel-first-child panel-last-child\" data-index=\"0\" ><h3 class=\"widget-title\">Materiale TCEAE 2024<\/h3>\t\t\t<div class=\"textwidget\"><p><a href=\"https:\/\/epe.utcluj.ro\/TCEAE_2024\/PDF\/TCEAE_Lab_I.pdf\">Laborator I<\/a><\/p>\n<p><a href=\"https:\/\/epe.utcluj.ro\/TCEAE_2024\/PDF\/TCEAE_Lab_II.pdf\">Laborator II<\/a><\/p>\n<p><a href=\"https:\/\/epe.utcluj.ro\/TCEAE_2024\/PDF\/TCEAE_Lab_III.pdf\">Laborator III<\/a><\/p>\n<\/div>\n\t\t<\/div><\/div><\/div><\/div><\/div><div id=\"panel-2522-2-2-3\" class=\"so-panel widget widget_siteorigin-panels-builder panel-last-child\" data-index=\"14\" ><div id=\"pl-w69286bec69e20\"  class=\"panel-layout\" ><div id=\"pg-w69286bec69e20-0\"  class=\"panel-grid panel-no-style\" ><div id=\"pgc-w69286bec69e20-0-0\"  class=\"panel-grid-cell\" ><div id=\"panel-w69286bec69e20-0-0-0\" class=\"so-panel widget widget_text panel-first-child panel-last-child\" data-index=\"0\" ><h3 class=\"widget-title\">Materiale TCEAE 2025<\/h3>\t\t\t<div class=\"textwidget\"><p><a href=\"https:\/\/epe.utcluj.ro\/TCEAE_2025\/PDF\/Lab_I_2025.pdf\">Laborator I<\/a><\/p>\n<p><a href=\"https:\/\/epe.utcluj.ro\/TCEAE_2025\/PDF\/Lab_II_2025.pdf\">Laborator II<\/a><\/p>\n<p><a href=\"https:\/\/epe.utcluj.ro\/TCEAE_2025\/PDF\/Lab_III_2025.pdf\">Laborator III<\/a><\/p>\n<p><a href=\"https:\/\/epe.utcluj.ro\/TCEAE_2025\/PDF\/Lab_IV_2025.pdf\">Laborator IV<\/a><\/p>\n<p><a href=\"https:\/\/epe.utcluj.ro\/TCEAE_2025\/PDF\/Lab_V_2025.pdf\">Laborator V<\/a><\/p>\n<\/div>\n\t\t<\/div><\/div><\/div><\/div><\/div><\/div><\/div><\/div>","protected":false},"excerpt":{"rendered":"<p>Sisteme de calcul \u00een timp real Pagin\u0103 dedicat\u0103 studen\u021bilor \u0219i cadrelor didactice Aspecte teoretice \u00cen aceast\u0103 categorie se vor reg\u0103si prezent\u0103rile p\u0103r\u021bii teoretice scrise a aplica\u021biei practice din cadrul \u0219edin\u021bei de laborator&#8230; Scheme, schi\u021be, fi\u0219e desene tehnice \u00cen aceast\u0103 categorie, se vor reg\u0103si, materialele auxiliare de natur\u0103 tehnic\u0103 precum: foi de date, scheme de reglare [&hellip;]<\/p>\n","protected":false},"author":1,"featured_media":0,"parent":0,"menu_order":0,"comment_status":"closed","ping_status":"closed","template":"","meta":{"footnotes":""},"class_list":["post-2522","page","type-page","status-publish","hentry","post"],"_links":{"self":[{"href":"https:\/\/epe.utcluj.ro\/index.php\/wp-json\/wp\/v2\/pages\/2522","targetHints":{"allow":["GET"]}}],"collection":[{"href":"https:\/\/epe.utcluj.ro\/index.php\/wp-json\/wp\/v2\/pages"}],"about":[{"href":"https:\/\/epe.utcluj.ro\/index.php\/wp-json\/wp\/v2\/types\/page"}],"author":[{"embeddable":true,"href":"https:\/\/epe.utcluj.ro\/index.php\/wp-json\/wp\/v2\/users\/1"}],"replies":[{"embeddable":true,"href":"https:\/\/epe.utcluj.ro\/index.php\/wp-json\/wp\/v2\/comments?post=2522"}],"version-history":[{"count":34,"href":"https:\/\/epe.utcluj.ro\/index.php\/wp-json\/wp\/v2\/pages\/2522\/revisions"}],"predecessor-version":[{"id":2887,"href":"https:\/\/epe.utcluj.ro\/index.php\/wp-json\/wp\/v2\/pages\/2522\/revisions\/2887"}],"wp:attachment":[{"href":"https:\/\/epe.utcluj.ro\/index.php\/wp-json\/wp\/v2\/media?parent=2522"}],"curies":[{"name":"wp","href":"https:\/\/api.w.org\/{rel}","templated":true}]}}