{"id":1042,"date":"2018-09-25T16:19:59","date_gmt":"2018-09-25T14:19:59","guid":{"rendered":"http:\/\/epe.utcluj.ro\/?page_id=1042"},"modified":"2021-01-07T12:40:16","modified_gmt":"2021-01-07T10:40:16","slug":"administrativ_sctr_2020","status":"publish","type":"page","link":"https:\/\/epe.utcluj.ro\/index.php\/administrativ_sctr_2020\/","title":{"rendered":"administrativ_sctr_2020"},"content":{"rendered":"<div id=\"pl-1042\"  class=\"panel-layout\" ><div id=\"pg-1042-0\"  class=\"panel-grid panel-has-style\" ><div class=\"wide-grey panel-row-style panel-row-style-for-1042-0\" ><div id=\"pgc-1042-0-0\"  class=\"panel-grid-cell\" ><div id=\"panel-1042-0-0-0\" class=\"so-panel widget widget_headline-widget panel-first-child panel-last-child\" data-index=\"0\" >\t\t<h1>Sisteme de calcul \u00een timp real<\/h1>\n\t\t<div class=\"decoration\"><div class=\"decoration-inside\"><\/div><\/div>\n\t\t<h3>Pagin\u0103 dedicat\u0103 studen\u021bilor \u0219i cadrelor didactice<\/h3>\n\t\t<\/div><\/div><\/div><\/div><div id=\"pg-1042-1\"  class=\"panel-grid panel-no-style\" ><div id=\"pgc-1042-1-0\"  class=\"panel-grid-cell\" ><div id=\"panel-1042-1-0-0\" class=\"so-panel widget widget_circleicon-widget panel-first-child\" data-index=\"1\" >\t\t<div class=\"circle-icon-box circle-icon-position-top circle-icon-hide-box circle-icon-size-large \">\n\t\t\t\t\t\t\t<div class=\"circle-icon-wrapper\">\n\t\t\t\t\t\t\t\t\t\t<div class=\"circle-icon icon-style-set\" style=\"background-color: #000000\">\n\t\t\t\t\t\t\t\t\t\t\t\t\t<div\n\t\t\t\t\t\t\t\tclass=\"fa fa-reorder  icon-style-set\"\n\t\t\t\t\t\t\t\tstyle=\"color: #eeee22\"\t\t\t\t\t\t\t><\/div>\n\t\t\t\t\t\t\t\t\t\t\t<\/div>\n\t\t\t\t\t\t\t\t\t<\/div>\n\t\t\t\n\t\t\t\t\t\t\t\t\t\t<h4 >\n\t\t\t\t\tTabel nominal\t\t\t\t<\/h4>\n\t\t\t\t\t\t\n\t\t\t\t\t\t\t<p class=\"text\" >\n\t\t\t\t\u00cen aceast\u0103 categorie, se vor reg\u0103si tabelele nominale cu studen\u021bii care au optat pentru disciplina \u201eSisteme de calcul \u00een timp real\u201d\t\t\t<\/p>\n\t\t\t\t\t\t\t\t<\/div>\n\t\t<\/div><div id=\"panel-1042-1-0-1\" class=\"so-panel widget widget_sow-editor panel-last-child\" data-index=\"2\" ><div\n\t\t\t\n\t\t\tclass=\"so-widget-sow-editor so-widget-sow-editor-base\"\n\t\t\t\n\t\t>\n<div class=\"siteorigin-widget-tinymce textwidget\">\n\t<p><a href=\"https:\/\/epe.utcluj.ro\/SCTR_2020\/Tabel_Nominal.pdf\">Tabel nominal<\/a><\/p>\n<\/div>\n<\/div><\/div><\/div><div id=\"pgc-1042-1-1\"  class=\"panel-grid-cell\" ><div id=\"panel-1042-1-1-0\" class=\"so-panel widget widget_circleicon-widget panel-first-child\" data-index=\"3\" >\t\t<div class=\"circle-icon-box circle-icon-position-top circle-icon-hide-box circle-icon-size-large \">\n\t\t\t\t\t\t\t<div class=\"circle-icon-wrapper\">\n\t\t\t\t\t\t\t\t\t\t<div class=\"circle-icon\" >\n\t\t\t\t\t\t\t\t\t\t\t\t\t<div\n\t\t\t\t\t\t\t\tclass=\"fa fa-check\"\n\t\t\t\t\t\t\t\tstyle=\"color: #81d742\"\t\t\t\t\t\t\t><\/div>\n\t\t\t\t\t\t\t\t\t\t\t<\/div>\n\t\t\t\t\t\t\t\t\t<\/div>\n\t\t\t\n\t\t\t\t\t\t\t\t\t\t<h4 >\n\t\t\t\t\tSitua\u021bia studen\u021bilor\t\t\t\t<\/h4>\n\t\t\t\t\t\t\n\t\t\t\t\t\t\t<p class=\"text\" >\n\t\t\t\t\u00cen aceast\u0103 categorie se vor reg\u0103si listele cu prezen\u021bele ob\u021binute pe parcursul semestrului \u0219i notele finale...\t\t\t<\/p>\n\t\t\t\t\t\t\t\t<\/div>\n\t\t<\/div><div id=\"panel-1042-1-1-1\" class=\"so-panel widget widget_sow-editor\" data-index=\"4\" ><div\n\t\t\t\n\t\t\tclass=\"so-widget-sow-editor so-widget-sow-editor-base\"\n\t\t\t\n\t\t><h3 class=\"widget-title\">Laborator I<\/h3>\n<div class=\"siteorigin-widget-tinymce textwidget\">\n\t<p><a href=\"https:\/\/epe.utcluj.ro\/SCTR_2020\/Prezenta_7_10_2020.pdf\">Prezen\u021b\u0103 7.10.2020<\/a><br \/>\n<a href=\"https:\/\/epe.utcluj.ro\/SCTR_2020\/Prezenta_14_10_2020.pdf\">Prezen\u021b\u0103 14.10.2020<\/a><\/p>\n<\/div>\n<\/div><\/div><div id=\"panel-1042-1-1-2\" class=\"so-panel widget widget_sow-editor\" data-index=\"5\" ><div\n\t\t\t\n\t\t\tclass=\"so-widget-sow-editor so-widget-sow-editor-base\"\n\t\t\t\n\t\t><h3 class=\"widget-title\">Laborator II<\/h3>\n<div class=\"siteorigin-widget-tinymce textwidget\">\n\t<p><a href=\"https:\/\/epe.utcluj.ro\/SCTR_2020\/Prezenta_21_10_2020.pdf\">Prezen\u021b\u0103 21.10.2020<\/a><br \/>\n<a href=\"https:\/\/epe.utcluj.ro\/SCTR_2020\/Prezenta_28_10_2020.pdf\">Prezen\u021b\u0103 28.10.2020<\/a><\/p>\n<\/div>\n<\/div><\/div><div id=\"panel-1042-1-1-3\" class=\"so-panel widget widget_sow-editor\" data-index=\"6\" ><div\n\t\t\t\n\t\t\tclass=\"so-widget-sow-editor so-widget-sow-editor-base\"\n\t\t\t\n\t\t><h3 class=\"widget-title\">Laborator III<\/h3>\n<div class=\"siteorigin-widget-tinymce textwidget\">\n\t<p><a href=\"https:\/\/epe.utcluj.ro\/SCTR_2020\/Prezenta_04_11_2020.pdf\">Prezen\u021b\u0103 04.11.2020<\/a><\/p>\n<\/div>\n<\/div><\/div><div id=\"panel-1042-1-1-4\" class=\"so-panel widget widget_sow-editor\" data-index=\"7\" ><div\n\t\t\t\n\t\t\tclass=\"so-widget-sow-editor so-widget-sow-editor-base\"\n\t\t\t\n\t\t><h3 class=\"widget-title\">Laborator IV<\/h3>\n<div class=\"siteorigin-widget-tinymce textwidget\">\n\t<p><a href=\"https:\/\/epe.utcluj.ro\/SCTR_2020\/Prezenta_18_11_2020.pdf\">Prezen\u021b\u0103 18.11.2020<\/a><br \/>\n<a href=\"https:\/\/epe.utcluj.ro\/SCTR_2020\/Prezenta_25_11_2020.pdf\">Prezen\u021b\u0103 25.11.2020<\/a><\/p>\n<\/div>\n<\/div><\/div><div id=\"panel-1042-1-1-5\" class=\"so-panel widget widget_sow-editor\" data-index=\"8\" ><div\n\t\t\t\n\t\t\tclass=\"so-widget-sow-editor so-widget-sow-editor-base\"\n\t\t\t\n\t\t><h3 class=\"widget-title\">Laborator V<\/h3>\n<div class=\"siteorigin-widget-tinymce textwidget\">\n\t<p><a href=\"https:\/\/epe.utcluj.ro\/SCTR_2020\/Prezenta_2_12_2020.pdf\">Prezen\u021b\u0103 2.12.2020<\/a><br \/>\n<a href=\"https:\/\/epe.utcluj.ro\/SCTR_2020\/Prezenta_9_12_2020.pdf\">Prezen\u021b\u0103 9.12.2020<\/a><\/p>\n<\/div>\n<\/div><\/div><div id=\"panel-1042-1-1-6\" class=\"so-panel widget widget_sow-editor panel-last-child\" data-index=\"9\" ><div\n\t\t\t\n\t\t\tclass=\"so-widget-sow-editor so-widget-sow-editor-base\"\n\t\t\t\n\t\t><h3 class=\"widget-title\">Finalizare semestru<\/h3>\n<div class=\"siteorigin-widget-tinymce textwidget\">\n\t<p><a href=\"https:\/\/epe.utcluj.ro\/SCTR_2020\/Situatie_Teme.pdf\">Situa\u021bia temelor<\/a><br \/>\n<a href=\"https:\/\/epe.utcluj.ro\/SCTR_2020\/Situatie_Teste.pdf\">Situa\u021bia testelor<\/a><br \/>\n<a href=\"https:\/\/epe.utcluj.ro\/SCTR_2020\/Situatie_Finala.pdf\">Situa\u021bie final\u0103<\/a><br \/>\n<a href=\"https:\/\/epe.utcluj.ro\/SCTR_2020\/Situatie_Recuperari.pdf\">Situa\u021bie prezen\u021b\u0103 \u0219i recuper\u0103ri<\/a><\/p>\n<\/div>\n<\/div><\/div><\/div><div id=\"pgc-1042-1-2\"  class=\"panel-grid-cell\" ><div id=\"panel-1042-1-2-0\" class=\"so-panel widget widget_circleicon-widget panel-first-child\" data-index=\"10\" >\t\t<div class=\"circle-icon-box circle-icon-position-top circle-icon-hide-box circle-icon-size-large \">\n\t\t\t\t\t\t\t<div class=\"circle-icon-wrapper\">\n\t\t\t\t\t\t\t\t\t\t<div class=\"circle-icon\" >\n\t\t\t\t\t\t\t\t\t\t\t\t\t<div\n\t\t\t\t\t\t\t\tclass=\"fa fa-random\"\n\t\t\t\t\t\t\t\tstyle=\"color: #8ba5bf\"\t\t\t\t\t\t\t><\/div>\n\t\t\t\t\t\t\t\t\t\t\t<\/div>\n\t\t\t\t\t\t\t\t\t<\/div>\n\t\t\t\n\t\t\t\t\t\t\t\t\t\t<h4 >\n\t\t\t\t\tRegulamente \u0219i metodologii\t\t\t\t<\/h4>\n\t\t\t\t\t\t\n\t\t\t\t\t\t\t<p class=\"text\" >\n\t\t\t\t\u00cen aceast\u0103 categorie, se reg\u0103sesc at\u00e2t regulamentele de ordine interioar\u0103 c\u00e2t \u0219i metodologiile de examinare\t\t\t<\/p>\n\t\t\t\t\t\t\t\t<\/div>\n\t\t<\/div><div id=\"panel-1042-1-2-1\" class=\"so-panel widget widget_sow-editor panel-last-child\" data-index=\"11\" ><div\n\t\t\t\n\t\t\tclass=\"so-widget-sow-editor so-widget-sow-editor-base\"\n\t\t\t\n\t\t>\n<div class=\"siteorigin-widget-tinymce textwidget\">\n\t<\/div>\n<\/div><\/div><\/div><\/div><div id=\"pg-1042-2\"  class=\"panel-grid panel-no-style\" ><div id=\"pgc-1042-2-0\"  class=\"panel-grid-cell\" ><div id=\"panel-1042-2-0-0\" class=\"so-panel widget widget_sow-editor panel-first-child panel-last-child\" data-index=\"12\" ><div\n\t\t\t\n\t\t\tclass=\"so-widget-sow-editor so-widget-sow-editor-base\"\n\t\t\t\n\t\t>\n<div class=\"siteorigin-widget-tinymce textwidget\">\n\t<\/div>\n<\/div><\/div><\/div><div id=\"pgc-1042-2-1\"  class=\"panel-grid-cell\" ><div id=\"panel-1042-2-1-0\" class=\"so-panel widget widget_sow-editor panel-first-child panel-last-child\" data-index=\"13\" ><div\n\t\t\t\n\t\t\tclass=\"so-widget-sow-editor so-widget-sow-editor-base\"\n\t\t\t\n\t\t>\n<div class=\"siteorigin-widget-tinymce textwidget\">\n\t<\/div>\n<\/div><\/div><\/div><div id=\"pgc-1042-2-2\"  class=\"panel-grid-cell\" ><div id=\"panel-1042-2-2-0\" class=\"so-panel widget widget_sow-editor panel-first-child panel-last-child\" data-index=\"14\" ><div\n\t\t\t\n\t\t\tclass=\"so-widget-sow-editor so-widget-sow-editor-base\"\n\t\t\t\n\t\t>\n<div class=\"siteorigin-widget-tinymce textwidget\">\n\t<\/div>\n<\/div><\/div><\/div><\/div><div id=\"pg-1042-3\"  class=\"panel-grid panel-no-style\" ><div id=\"pgc-1042-3-0\"  class=\"panel-grid-cell\" ><div id=\"panel-1042-3-0-0\" class=\"so-panel widget widget_siteorigin-panels-builder panel-first-child panel-last-child\" data-index=\"15\" ><div id=\"pl-w5f78a9935d361\"  class=\"panel-layout\" ><div id=\"pg-w5f78a9935d361-0\"  class=\"panel-grid panel-no-style\" ><div id=\"pgc-w5f78a9935d361-0-0\"  class=\"panel-grid-cell\" ><div id=\"panel-w5f78a9935d361-0-0-0\" class=\"so-panel widget widget_text panel-first-child panel-last-child\" data-index=\"0\" ><h3 class=\"widget-title\">Date de contact<\/h3>\t\t\t<div class=\"textwidget\"><p>Responsabil curs:<br \/>\nSzoke Eniko: Eniko.Szoke@emd.utcluj.ro<br \/>\nSala de curs: strada Observatorului nr. 2, sala 13 C<\/p>\n<p>Responsabil laborator:<br \/>\nPintilie Lucian &#8211; Nicolae: Lucian.Pintilie@emd.utcluj.ro<br \/>\nSala de laborator: strada Observatorului nr. 2, sala 9<\/p>\n<\/div>\n\t\t<\/div><\/div><\/div><\/div><\/div><\/div><\/div><\/div>","protected":false},"excerpt":{"rendered":"<p>Tabel nominal Prezen\u021b\u0103 7.10.2020 Prezen\u021b\u0103 14.10.2020 Prezen\u021b\u0103 21.10.2020 Prezen\u021b\u0103 28.10.2020 Prezen\u021b\u0103 04.11.2020 Prezen\u021b\u0103 18.11.2020 Prezen\u021b\u0103 25.11.2020 Prezen\u021b\u0103 2.12.2020 Prezen\u021b\u0103 9.12.2020 Situa\u021bia temelor Situa\u021bia testelor Situa\u021bie final\u0103 Situa\u021bie prezen\u021b\u0103 \u0219i recuper\u0103ri<\/p>\n","protected":false},"author":1,"featured_media":0,"parent":0,"menu_order":0,"comment_status":"closed","ping_status":"closed","template":"","meta":{"footnotes":""},"class_list":["post-1042","page","type-page","status-publish","hentry","post"],"_links":{"self":[{"href":"https:\/\/epe.utcluj.ro\/index.php\/wp-json\/wp\/v2\/pages\/1042","targetHints":{"allow":["GET"]}}],"collection":[{"href":"https:\/\/epe.utcluj.ro\/index.php\/wp-json\/wp\/v2\/pages"}],"about":[{"href":"https:\/\/epe.utcluj.ro\/index.php\/wp-json\/wp\/v2\/types\/page"}],"author":[{"embeddable":true,"href":"https:\/\/epe.utcluj.ro\/index.php\/wp-json\/wp\/v2\/users\/1"}],"replies":[{"embeddable":true,"href":"https:\/\/epe.utcluj.ro\/index.php\/wp-json\/wp\/v2\/comments?post=1042"}],"version-history":[{"count":235,"href":"https:\/\/epe.utcluj.ro\/index.php\/wp-json\/wp\/v2\/pages\/1042\/revisions"}],"predecessor-version":[{"id":1969,"href":"https:\/\/epe.utcluj.ro\/index.php\/wp-json\/wp\/v2\/pages\/1042\/revisions\/1969"}],"wp:attachment":[{"href":"https:\/\/epe.utcluj.ro\/index.php\/wp-json\/wp\/v2\/media?parent=1042"}],"curies":[{"name":"wp","href":"https:\/\/api.w.org\/{rel}","templated":true}]}}